/*
MySQL Data Transfer
Source Host: localhost
Source Database: web2
Target Host: localhost
Target Database: web2
Date: 2014-4-17 15:11:47
*/

SET FOREIGN_KEY_CHECKS=0;
-- ----------------------------
-- Table structure for money_name
-- ----------------------------
DROP TABLE IF EXISTS `money_name`;
CREATE TABLE `money_name` (
  `money_type` varchar(20) DEFAULT NULL,
  `money_name` varchar(32) DEFAULT NULL
) ENGINE=MyISAM DEFAULT CHARSET=utf8;

-- ----------------------------
-- Table structure for shop_list
-- ----------------------------
DROP TABLE IF EXISTS `shop_list`;
CREATE TABLE `shop_list` (
  `id` int(10) NOT NULL AUTO_INCREMENT,
  `shop_name` varchar(32) DEFAULT NULL,
  `shop_tag` varchar(255) DEFAULT NULL,
  `shop_num` int(10) DEFAULT NULL,
  `shop_code` varchar(255) DEFAULT NULL,
  `shop_fjattrstr` varchar(255) DEFAULT NULL,
  `shop_content` varchar(255) DEFAULT NULL,
  `shop_prick` int(10) DEFAULT NULL,
  `shop_prick_type` varchar(20) DEFAULT NULL,
  `shop_pic` varchar(255) DEFAULT NULL,
  `shop_show` int(10) DEFAULT NULL,
  PRIMARY KEY (`id`)
) ENGINE=MyISAM AUTO_INCREMENT=11113 DEFAULT CHARSET=utf8;

-- ----------------------------
-- Table structure for shop_tag
-- ----------------------------
DROP TABLE IF EXISTS `shop_tag`;
CREATE TABLE `shop_tag` (
  `id` int(10) NOT NULL AUTO_INCREMENT,
  `shop_tag` varchar(60) DEFAULT NULL,
  `shop_showline` int(3) DEFAULT NULL,
  `shop_show` int(10) DEFAULT NULL,
  PRIMARY KEY (`id`)
) ENGINE=MyISAM AUTO_INCREMENT=22 DEFAULT CHARSET=utf8;

-- ----------------------------
-- Table structure for shuxing
-- ----------------------------
DROP TABLE IF EXISTS `shuxing`;
CREATE TABLE `shuxing` (
  `sxid` int(255) NOT NULL AUTO_INCREMENT,
  `shuoming` varchar(255) NOT NULL,
  `attributes` text NOT NULL,
  PRIMARY KEY (`sxid`)
) ENGINE=MyISAM AUTO_INCREMENT=1000 DEFAULT CHARSET=utf8 COMMENT='附加属性添加表';

-- ----------------------------
-- Records 
-- ----------------------------
INSERT INTO `money_name` VALUES ('dj', '元宝');
INSERT INTO `money_name` VALUES ('aiyawei', '积分');
INSERT INTO `money_name` VALUES ('rongyu', '荣誉');
INSERT INTO `shop_list` VALUES ('1', '麻痹玉佩', '免费装备', '1', 'zj0615', '1', '', '0', 'aiyawei', 'images/1.jpg', '1');
INSERT INTO `shop_list` VALUES ('2', '麻痹腰带', '免费装备', '1', 'zj0616', '2', '', '0', 'aiyawei', 'images/2.jpg', '1');
INSERT INTO `shop_list` VALUES ('3', '圣王护符(左)', '免费装备', '1', 'tz0901', '3', '', '0', 'aiyawei', 'images/3.jpg', '1');
INSERT INTO `shop_list` VALUES ('4', '圣王护符(右)', '免费装备', '1', 'tz0902', '3', '', '0', 'aiyawei', 'images/4.jpg', '1');
INSERT INTO `shop_list` VALUES ('5', '圣王坠饰(右)', '免费装备', '1', 'tz0904', '5', '', '0', 'aiyawei', 'images/6.jpg', '1');
INSERT INTO `shop_list` VALUES ('6', '圣王坠饰(左)', '免费装备', '1', 'tz0903', '4', '', '0', 'aiyawei', 'images/5.jpg', '1');
INSERT INTO `shop_list` VALUES ('7', '圣王战棍【灵猴】', '免费装备', '1', 'ys010603', '6', '', '0', 'aiyawei', 'images/21.png', '1');
INSERT INTO `shop_list` VALUES ('8', '圣王铁扇【罗刹】', '免费装备', '1', 'ys010605', '6', '', '0', 'aiyawei', 'images/22.png', '1');
INSERT INTO `shop_list` VALUES ('9', '圣王双刀【九尾】', '免费装备', '1', 'ys010607', '6', '', '0', 'aiyawei', 'images/23.png', '1');
INSERT INTO `shop_list` VALUES ('10', '圣王战斧【牛魔】', '免费装备', '1', 'ys010601', '6', '', '0', 'aiyawei', 'images/24.png', '1');
INSERT INTO `shop_list` VALUES ('11', '圣王胸甲【牛魔】', '免费装备', '1', 'ys010602', '7', '', '0', 'aiyawei', 'images/25.png', '1');
INSERT INTO `shop_list` VALUES ('12', '圣王胸甲【灵猴】', '免费装备', '1', 'ys010604', '7', '', '0', 'aiyawei', 'images/26.png', '1');
INSERT INTO `shop_list` VALUES ('13', '圣王胸甲【罗刹】', '免费装备', '1', 'ys010606', '7', '', '0', 'aiyawei', 'images/27.png', '1');
INSERT INTO `shop_list` VALUES ('14', '圣王胸甲【九尾】', '免费装备', '1', 'ys010608', '7', '', '0', 'aiyawei', 'images/28.png', '1');
INSERT INTO `shop_list` VALUES ('15', '圣王护腕【通用】', '免费装备', '1', 'ys010609', '8', '', '0', 'aiyawei', 'images/29.png', '1');
INSERT INTO `shop_list` VALUES ('16', '圣王护腿【通用】', '免费装备', '1', 'ys010610', '9', '', '0', 'aiyawei', 'images/30.png', '1');
INSERT INTO `shop_list` VALUES ('17', '圣王鞋子【通用】', '免费装备', '1', 'ys010611', '7', '', '0', 'aiyawei', 'images/31.png', '1');
INSERT INTO `shop_list` VALUES ('18', '圣王头盔【通用】', '免费装备', '1', 'ys010612', '8', '', '0', 'aiyawei', 'images/32.png', '1');
INSERT INTO `shop_list` VALUES ('19', '圣王项链【通用】', '免费装备', '1', 'ys010613', '10', '', '0', 'aiyawei', 'images/33.png', '1');
INSERT INTO `shop_list` VALUES ('20', '圣王指环【通用】', '免费装备', '1', 'ys010614', '11', '', '0', 'aiyawei', 'images/34.png', '1');
INSERT INTO `shop_list` VALUES ('21', '毁灭玉佩', '荣誉装备①', '1', 'zj0815', '21', '', '200', 'rongyu', 'images/1.jpg', '1');
INSERT INTO `shop_list` VALUES ('22', '毁灭腰带', '荣誉装备①', '1', 'zj0816', '22', '', '200', 'rongyu', 'images/2.jpg', '1');
INSERT INTO `shop_list` VALUES ('23', '梦想护符（左）', '荣誉装备①', '1', 'sz1001', '23', '', '200', 'rongyu', 'images/3.jpg', '1');
INSERT INTO `shop_list` VALUES ('24', '梦想护符（右）', '荣誉装备①', '1', 'sz1002', '23', '', '200', 'rongyu', 'images/4.jpg', '1');
INSERT INTO `shop_list` VALUES ('25', '梦想坠饰（右）', '荣誉装备①', '1', 'sz1004', '25', '', '200', 'rongyu', 'images/6.jpg', '1');
INSERT INTO `shop_list` VALUES ('26', '梦想坠饰（左）', '荣誉装备①', '1', 'sz1003', '24', '', '200', 'rongyu', 'images/5.jpg', '1');
INSERT INTO `shop_list` VALUES ('27', '天元破雷之棍【灵猴】', '荣誉装备①', '1', 'zj1103', '26', '', '150', 'rongyu', 'images/8.png', '1');
INSERT INTO `shop_list` VALUES ('28', '痴情者的沉沦【罗刹】', '荣誉装备①', '1', 'zj1105', '26', '', '150', 'rongyu', 'images/10.png', '1');
INSERT INTO `shop_list` VALUES ('29', '神魔无影双刃【九尾】', '荣誉装备①', '1', 'zj1107', '26', '', '150', 'rongyu', 'images/12.png', '1');
INSERT INTO `shop_list` VALUES ('30', '天残狂龙之斧【牛魔】', '荣誉装备①', '1', 'zj1101', '26', '', '150', 'rongyu', 'images/20.png', '1');
INSERT INTO `shop_list` VALUES ('31', '绝命之牛魔吼【牛魔】', '荣誉装备①', '1', 'zj1102', '27', '', '150', 'rongyu', 'images/7.png', '1');
INSERT INTO `shop_list` VALUES ('32', '绝命之斗战神【灵猴】', '荣誉装备①', '1', 'zj1104', '27', '', '150', 'rongyu', 'images/9.png', '1');
INSERT INTO `shop_list` VALUES ('33', '绝命之梦无情【罗刹】', '荣誉装备①', '1', 'zj1106', '27', '', '150', 'rongyu', 'images/11.png', '1');
INSERT INTO `shop_list` VALUES ('34', '绝命之地无魔【九尾】', '荣誉装备①', '1', 'zj1108', '27', '', '150', 'rongyu', 'images/13.png', '1');
INSERT INTO `shop_list` VALUES ('35', '混元无极护腕【通用】', '荣誉装备①', '1', 'zj1109', '28', '', '100', 'rongyu', 'images/14.png', '1');
INSERT INTO `shop_list` VALUES ('36', '混元无极护腿【通用】', '荣誉装备①', '1', 'zj1110', '29', '', '100', 'rongyu', 'images/15.png', '1');
INSERT INTO `shop_list` VALUES ('37', '混元无极鞋子【通用】', '荣誉装备①', '1', 'zj1111', '27', '', '100', 'rongyu', 'images/16.png', '1');
INSERT INTO `shop_list` VALUES ('38', '混元无极头盔【通用】', '荣誉装备①', '1', 'zj1112', '28', '', '100', 'rongyu', 'images/17.png', '1');
INSERT INTO `shop_list` VALUES ('39', '混元无极项链【通用】', '荣誉装备①', '1', 'zj1113', '30', '', '100', 'rongyu', 'images/18.png', '1');
INSERT INTO `shop_list` VALUES ('40', '混元无极指环【通用】', '荣誉装备①', '1', 'zj1114', '31', '', '100', 'rongyu', 'images/19.png', '1');
INSERT INTO `shop_list` VALUES ('41', '麻痹玉佩', '荣誉装备②', '1', 'zj0615', '41', '', '800', 'rongyu', 'images/1.jpg', '1');
INSERT INTO `shop_list` VALUES ('42', '麻痹腰带', '荣誉装备②', '1', 'zj0616', '42', '', '800', 'rongyu', 'images/2.jpg', '1');
INSERT INTO `shop_list` VALUES ('43', '圣王护符(左)', '荣誉装备②', '1', 'tz0901', '43', '', '800', 'rongyu', 'images/3.jpg', '1');
INSERT INTO `shop_list` VALUES ('44', '圣王护符(右)', '荣誉装备②', '1', 'tz0902', '43', '', '800', 'rongyu', 'images/4.jpg', '1');
INSERT INTO `shop_list` VALUES ('45', '圣王坠饰(右)', '荣誉装备②', '1', 'tz0904', '43', '', '800', 'rongyu', 'images/6.jpg', '1');
INSERT INTO `shop_list` VALUES ('46', '圣王坠饰(左)', '荣誉装备②', '1', 'tz0903', '43', '', '800', 'rongyu', 'images/5.jpg', '1');
INSERT INTO `shop_list` VALUES ('47', '无畏战棍【灵猴】', '荣誉装备②', '1', 'ys020603', '46', '', '600', 'rongyu', 'images/21.png', '1');
INSERT INTO `shop_list` VALUES ('48', '无畏铁扇【罗刹】', '荣誉装备②', '1', 'ys020605', '46', '', '600', 'rongyu', 'images/22.png', '1');
INSERT INTO `shop_list` VALUES ('49', '无畏双刀【九尾】', '荣誉装备②', '1', 'ys020607', '46', '', '600', 'rongyu', 'images/23.png', '1');
INSERT INTO `shop_list` VALUES ('50', '无畏战斧【牛魔】', '荣誉装备②', '1', 'ys020601', '46', '', '600', 'rongyu', 'images/24.png', '1');
INSERT INTO `shop_list` VALUES ('51', '无畏胸甲【牛魔】', '荣誉装备②', '1', 'ys020602', '47', '', '600', 'rongyu', 'images/25.png', '1');
INSERT INTO `shop_list` VALUES ('52', '无畏胸甲【灵猴】', '荣誉装备②', '1', 'ys020604', '47', '', '600', 'rongyu', 'images/26.png', '1');
INSERT INTO `shop_list` VALUES ('53', '无畏胸甲【罗刹】', '荣誉装备②', '1', 'ys020606', '47', '', '600', 'rongyu', 'images/27.png', '1');
INSERT INTO `shop_list` VALUES ('54', '无畏胸甲【九尾】', '荣誉装备②', '1', 'ys020608', '47', '', '600', 'rongyu', 'images/28.png', '1');
INSERT INTO `shop_list` VALUES ('55', '无畏护腕【通用】', '荣誉装备②', '1', 'ys020609', '48', '', '400', 'rongyu', 'images/29.png', '1');
INSERT INTO `shop_list` VALUES ('56', '无畏护腿【通用】', '荣誉装备②', '1', 'ys020610', '49', '', '400', 'rongyu', 'images/30.png', '1');
INSERT INTO `shop_list` VALUES ('57', '无畏鞋子【通用】', '荣誉装备②', '1', 'ys020611', '47', '', '400', 'rongyu', 'images/31.png', '1');
INSERT INTO `shop_list` VALUES ('58', '无畏头盔【通用】', '荣誉装备②', '1', 'ys020612', '48', '', '400', 'rongyu', 'images/32.png', '1');
INSERT INTO `shop_list` VALUES ('59', '无畏项链【通用】', '荣誉装备②', '1', 'ys020613', '50', '', '400', 'rongyu', 'images/33.png', '1');
INSERT INTO `shop_list` VALUES ('60', '无畏指环【通用】', '荣誉装备②', '1', 'ys020614', '51', '', '400', 'rongyu', 'images/34.png', '1');
INSERT INTO `shop_list` VALUES ('61', '麻痹玉佩', '积分装备①', '1', 'zj0615', '61', '', '300000', 'aiyawei', 'images/1.jpg', '1');
INSERT INTO `shop_list` VALUES ('62', '麻痹腰带', '积分装备①', '1', 'zj0616', '62', '', '300000', 'aiyawei', 'images/2.jpg', '1');
INSERT INTO `shop_list` VALUES ('63', '圣王护符(左)', '积分装备①', '1', 'tz0901', '63', '', '300000', 'aiyawei', 'images/3.jpg', '1');
INSERT INTO `shop_list` VALUES ('64', '圣王护符(右)', '积分装备①', '1', 'tz0902', '63', '', '300000', 'aiyawei', 'images/4.jpg', '1');
INSERT INTO `shop_list` VALUES ('65', '圣王坠饰(右)', '积分装备①', '1', 'tz0904', '63', '', '300000', 'aiyawei', 'images/6.jpg', '1');
INSERT INTO `shop_list` VALUES ('66', '圣王坠饰(左)', '积分装备①', '1', 'tz0903', '63', '', '300000', 'aiyawei', 'images/5.jpg', '1');
INSERT INTO `shop_list` VALUES ('67', '开天战棍【灵猴】', '积分装备①', '1', 'ys030803', '66', '', '150000', 'aiyawei', 'images/8.png', '1');
INSERT INTO `shop_list` VALUES ('68', '开天铁扇【罗刹】', '积分装备①', '1', 'ys030805', '66', '', '150000', 'aiyawei', 'images/10.png', '1');
INSERT INTO `shop_list` VALUES ('69', '开天双刀【九尾】', '积分装备①', '1', 'ys030807', '66', '', '150000', 'aiyawei', 'images/12.png', '1');
INSERT INTO `shop_list` VALUES ('70', '开天战斧【牛魔】', '积分装备①', '1', 'ys030801', '66', '', '150000', 'aiyawei', 'images/20.png', '1');
INSERT INTO `shop_list` VALUES ('71', '开天战甲【牛魔】', '积分装备①', '1', 'ys030802', '67', '', '75000', 'aiyawei', 'images/7.png', '1');
INSERT INTO `shop_list` VALUES ('72', '开天战甲【灵猴】', '积分装备①', '1', 'ys030804', '67', '', '75000', 'aiyawei', 'images/9.png', '1');
INSERT INTO `shop_list` VALUES ('73', '开天战衣【罗刹】', '积分装备①', '1', 'ys030806', '67', '', '75000', 'aiyawei', 'images/11.png', '1');
INSERT INTO `shop_list` VALUES ('74', '开天战衣【九尾】', '积分装备①', '1', 'ys030808', '67', '', '75000', 'aiyawei', 'images/13.png', '1');
INSERT INTO `shop_list` VALUES ('75', '开天护腕【通用】', '积分装备①', '1', 'ys030809', '68', '', '75000', 'aiyawei', 'images/14.png', '1');
INSERT INTO `shop_list` VALUES ('76', '开天护腿【通用】', '积分装备①', '1', 'ys030810', '69', '', '75000', 'aiyawei', 'images/15.png', '1');
INSERT INTO `shop_list` VALUES ('77', '开天鞋子【通用】', '积分装备①', '1', 'ys030811', '67', '', '75000', 'aiyawei', 'images/16.png', '1');
INSERT INTO `shop_list` VALUES ('78', '开天头盔【通用】', '积分装备①', '1', 'ys030812', '68', '', '75000', 'aiyawei', 'images/17.png', '1');
INSERT INTO `shop_list` VALUES ('79', '开天项链【通用】', '积分装备①', '1', 'ys030813', '70', '', '75000', 'aiyawei', 'images/18.png', '1');
INSERT INTO `shop_list` VALUES ('80', '开天指环【通用】', '积分装备①', '1', 'ys030814', '71', '', '75000', 'aiyawei', 'images/19.png', '1');
INSERT INTO `shop_list` VALUES ('81', '至尊赤霄鞍具', '积分装备②', '1', 'zqzb1101', '52', '', '200000', 'aiyawei', 'images/35.png', '1');
INSERT INTO `shop_list` VALUES ('82', '至尊赤霄缰绳', '积分装备②', '1', 'zqzb1102', '53', '', '200000', 'aiyawei', 'images/36.png', '1');
INSERT INTO `shop_list` VALUES ('83', '至尊赤霄蹬具', '积分装备②', '1', 'zqzb1103', '54', '', '200000', 'aiyawei', 'images/37.png', '1');
INSERT INTO `shop_list` VALUES ('84', '至尊赤霄蹄铁', '积分装备②', '1', 'zqzb1104', '55', '', '200000', 'aiyawei', 'images/38.png', '1');
INSERT INTO `shop_list` VALUES ('701', '独领众神笑', '荣誉称号', '1', 'zhongshenxiao', '791', null, '100', 'rongyu', 'ry/ry1.png', '1');
INSERT INTO `shop_list` VALUES ('702', '恐龙家的老头', '荣誉称号', '1', 'txkonglongjia', '791', null, '100', 'rongyu', 'ry/ry2.png', '1');
INSERT INTO `shop_list` VALUES ('703', '老头家的恐龙', '荣誉称号', '1', 'txlaotoujia', '791', null, '100', 'rongyu', 'ry/ry3.png', '1');
INSERT INTO `shop_list` VALUES ('704', '春色撩人', '荣誉称号', '1', 'txchunse', '791', null, '100', 'rongyu', 'ry/ry4.png', '1');
INSERT INTO `shop_list` VALUES ('705', '专注打酱油', '荣誉称号', '1', 'txjiangyou', '791', null, '100', 'rongyu', 'ry/ry5.png', '1');
INSERT INTO `shop_list` VALUES ('706', '浪漫情人新', '荣誉称号', '1', 'txlangman2', '793', null, '200', 'rongyu', 'ry/ry6.png', '1');
INSERT INTO `shop_list` VALUES ('707', '雨纷飞', '荣誉称号', '1', 'txyufenfei', '795', null, '400', 'rongyu', 'ry/ry7.png', '1');
INSERT INTO `shop_list` VALUES ('750', '陈先生', '积分称号', '1', 'txchen', '791', null, '10000', 'aiyawei', 'img/ch1.png', '1');
INSERT INTO `shop_list` VALUES ('751', '淡先生', '积分称号', '1', 'txdan', '791', null, '10000', 'aiyawei', 'img/ch2.png', '1');
INSERT INTO `shop_list` VALUES ('752', '金枪小霸王', '积分称号', '1', 'txxiaobawang', '791', null, '10000', 'aiyawei', 'img/ch3.png', '1');
INSERT INTO `shop_list` VALUES ('753', '傲视天下', '积分称号', '1', 'txaishitianxia', '791', null, '10000', 'aiyawei', 'img/ch4.png', '1');
INSERT INTO `shop_list` VALUES ('754', '祖爷很忙', '积分称号', '1', 'txzuye', '791', null, '10000', 'aiyawei', 'img/ch5.png', '1');
INSERT INTO `shop_list` VALUES ('755', '麒凤霸龙', '积分称号', '1', 'txbalong', '791', null, '10000', 'aiyawei', 'img/ch6.png', '1');
INSERT INTO `shop_list` VALUES ('756', '麒凤霸龙⑵', '积分称号', '1', 'txbalong2', '791', null, '10000', 'aiyawei', 'img/ch7.png', '1');
INSERT INTO `shop_list` VALUES ('757', '丶沫寻', '积分称号', '1', 'txmoxun', '791', null, '10000', 'aiyawei', 'img/ch8.png', '1');
INSERT INTO `shop_list` VALUES ('758', '小夕', '积分称号', '1', 'txxiaoxi', '791', null, '10000', 'aiyawei', 'img/ch9.png', '1');
INSERT INTO `shop_list` VALUES ('759', '逍遥天下行', '积分称号', '1', 'xiaoyaotianxiaxing', '791', null, '10000', 'aiyawei', 'img/ch10.png', '1');
INSERT INTO `shop_list` VALUES ('760', '貂小婵', '积分称号', '1', 'diaoxiaochan', '791', null, '10000', 'aiyawei', 'img/ch11.png', '1');
INSERT INTO `shop_list` VALUES ('761', '熊孩子', '积分称号', '1', 'txxionghaizi', '793', null, '50000', 'aiyawei', 'img/ch12.png', '1');
INSERT INTO `shop_list` VALUES ('762', '来自星星的你', '积分称号', '1', 'txxingxing', '793', null, '50000', 'aiyawei', 'img/ch13.png', '1');
INSERT INTO `shop_list` VALUES ('763', '无人可挡⑵', '积分称号', '1', 'txwuren2', '796', null, '200000', 'aiyawei', null, '1');
INSERT INTO `shop_list` VALUES ('764', '富商大贾⑵', '积分称号', '1', 'txfushang2', '796', null, '200000', 'aiyawei', null, '1');
INSERT INTO `shop_list` VALUES ('765', '腰缠万贯⑵', '积分称号', '1', 'txwanguan2', '796', null, '200000', 'aiyawei', null, '1');
INSERT INTO `shop_tag` VALUES ('1', '免费装备', '1', '1');
INSERT INTO `shop_tag` VALUES ('2', '荣誉装备①', '2', '1');
INSERT INTO `shop_tag` VALUES ('3', '荣誉装备②', '3', '1');
INSERT INTO `shop_tag` VALUES ('4', '荣誉称号', '4', '1');
INSERT INTO `shop_tag` VALUES ('5', '积分装备①', '5', '1');
INSERT INTO `shop_tag` VALUES ('6', '积分装备②', '6', '1');
INSERT INTO `shop_tag` VALUES ('7', '积分称号', '7', '1');
INSERT INTO `shuxing` VALUES ('1', '金色、顶级强化+MAX、顶级鉴定：6鉴定属性麻痹全附加+10%', '{\\\\\\\\\\\\\\\"1\\\\\\\\\\\\\\\":\\\\\\\\\\\\\\\"8@25\\\\\\\\\\\\\\\",\\\\\\\\\\\\\\\"2\\\\\\\\\\\\\\\":\\\\\\\\\\\\\\\"8@25\\\\\\\\\\\\\\\",\\\\\\\\\\\\\\\"3\\\\\\\\\\\\\\\":\\\\\\\\\\\\\\\"8@25\\\\\\\\\\\\\\\",\\\\\\\\\\\\\\\"4\\\\\\\\\\\\\\\":\\\\\\\\\\\\\\\"8@25\\\\\\\\\\\\\\\",\\\\\\\\\\\\\\\"5\\\\\\\\\\\\\\\":\\\\\\\\\\\\\\\"8@25\\\\\\\\\\\\\\\",\\\\\\\\\\\\\\\"6\\\\\\\\\\\\\\\":\\\\\\\\\\\\\\\"8@25\\\\\\\\\\\\\\\"}\\\\\\\",\\\\\\\"jjfailcount\\\\\\\":0,\\\\\\\"qhcount\\\\\\\":14,\\\\\\\"qhxingxing\\\\\\\":\\\\\\\"[[1,1],[2,1],[3,1],[4,1],[5,1],[6,1],[7,1],[8,1],[9,1],[10,1][11,1][12,1][13,1][14,1]');
INSERT INTO `shuxing` VALUES ('2', '金色、顶级强化+MAX、顶级鉴定：6鉴定属性麻痹全抵抗+10%', '{\\\\\\\\\\\\\\\"1\\\\\\\\\\\\\\\":\\\\\\\\\\\\\\\"9@25\\\\\\\\\\\\\\\",\\\\\\\\\\\\\\\"2\\\\\\\\\\\\\\\":\\\\\\\\\\\\\\\"9@25\\\\\\\\\\\\\\\",\\\\\\\\\\\\\\\"3\\\\\\\\\\\\\\\":\\\\\\\\\\\\\\\"9@25\\\\\\\\\\\\\\\",\\\\\\\\\\\\\\\"4\\\\\\\\\\\\\\\":\\\\\\\\\\\\\\\"9@25\\\\\\\\\\\\\\\",\\\\\\\\\\\\\\\"5\\\\\\\\\\\\\\\":\\\\\\\\\\\\\\\"9@25\\\\\\\\\\\\\\\",\\\\\\\\\\\\\\\"6\\\\\\\\\\\\\\\":\\\\\\\\\\\\\\\"9@25\\\\\\\\\\\\\\\"}\\\\\\\",\\\\\\\"jjfailcount\\\\\\\":0,\\\\\\\"qhcount\\\\\\\":14,\\\\\\\"qhxingxing\\\\\\\":\\\\\\\"[[1,1],[2,1],[3,1],[4,1],[5,1],[6,1],[7,1],[8,1],[9,1],[10,1][11,1][12,1][13,1][14,1]');
INSERT INTO `shuxing` VALUES ('3', '金色、顶级强化+MAX、顶级鉴定：6鉴定属性生命全附加+6000', '{\\\\\\\\\\\\\\\"1\\\\\\\\\\\\\\\":\\\\\\\\\\\\\\\"1@2000\\\\\\\\\\\\\\\",\\\\\\\\\\\\\\\"2\\\\\\\\\\\\\\\":\\\\\\\\\\\\\\\"1@2000\\\\\\\\\\\\\\\",\\\\\\\\\\\\\\\"3\\\\\\\\\\\\\\\":\\\\\\\\\\\\\\\"1@2000\\\\\\\\\\\\\\\",\\\\\\\\\\\\\\\"4\\\\\\\\\\\\\\\":\\\\\\\\\\\\\\\"1@2000\\\\\\\\\\\\\\\",\\\\\\\\\\\\\\\"5\\\\\\\\\\\\\\\":\\\\\\\\\\\\\\\"1@2000\\\\\\\\\\\\\\\",\\\\\\\\\\\\\\\"6\\\\\\\\\\\\\\\":\\\\\\\\\\\\\\\"1@2000\\\\\\\\\\\\\\\"}\\\\\\\",\\\\\\\"jjfailcount\\\\\\\":0,\\\\\\\"qhcount\\\\\\\":14,\\\\\\\"qhxingxing\\\\\\\":\\\\\\\"[[1,1],[2,1],[3,1],[4,1],[5,1],[6,1],[7,1],[8,1],[9,1],[10,1][11,1][12,1][13,1][14,1]');
INSERT INTO `shuxing` VALUES ('4', '金色、顶级强化+MAX、顶级鉴定：6鉴定属性攻击全附加+3000', '{\\\\\\\\\\\\\\\"1\\\\\\\\\\\\\\\":\\\\\\\\\\\\\\\"3@750\\\\\\\\\\\\\\\",\\\\\\\\\\\\\\\"2\\\\\\\\\\\\\\\":\\\\\\\\\\\\\\\"3@750\\\\\\\\\\\\\\\",\\\\\\\\\\\\\\\"3\\\\\\\\\\\\\\\":\\\\\\\\\\\\\\\"3@750\\\\\\\\\\\\\\\",\\\\\\\\\\\\\\\"4\\\\\\\\\\\\\\\":\\\\\\\\\\\\\\\"3@750\\\\\\\\\\\\\\\",\\\\\\\\\\\\\\\"5\\\\\\\\\\\\\\\":\\\\\\\\\\\\\\\"3@750\\\\\\\\\\\\\\\",\\\\\\\\\\\\\\\"6\\\\\\\\\\\\\\\":\\\\\\\\\\\\\\\"3@750\\\\\\\\\\\\\\\"}\\\\\\\",\\\\\\\"jjfailcount\\\\\\\":0,\\\\\\\"qhcount\\\\\\\":14,\\\\\\\"qhxingxing\\\\\\\":\\\\\\\"[[1,1],[2,1],[3,1],[4,1],[5,1],[6,1],[7,1],[8,1],[9,1],[10,1][11,1][12,1][13,1][14,1]');
INSERT INTO `shuxing` VALUES ('5', '金色、顶级强化+MAX、顶级鉴定：6鉴定属性防御全附加+1500', '{\\\\\\\\\\\\\\\"1\\\\\\\\\\\\\\\":\\\\\\\\\\\\\\\"4@750\\\\\\\\\\\\\\\",\\\\\\\\\\\\\\\"2\\\\\\\\\\\\\\\":\\\\\\\\\\\\\\\"4@750\\\\\\\\\\\\\\\",\\\\\\\\\\\\\\\"3\\\\\\\\\\\\\\\":\\\\\\\\\\\\\\\"4@750\\\\\\\\\\\\\\\",\\\\\\\\\\\\\\\"4\\\\\\\\\\\\\\\":\\\\\\\\\\\\\\\"4@750\\\\\\\\\\\\\\\",\\\\\\\\\\\\\\\"5\\\\\\\\\\\\\\\":\\\\\\\\\\\\\\\"4@750\\\\\\\\\\\\\\\",\\\\\\\\\\\\\\\"6\\\\\\\\\\\\\\\":\\\\\\\\\\\\\\\"4@750\\\\\\\\\\\\\\\"}\\\\\\\",\\\\\\\"jjfailcount\\\\\\\":0,\\\\\\\"qhcount\\\\\\\":14,\\\\\\\"qhxingxing\\\\\\\":\\\\\\\"[[1,1],[2,1],[3,1],[4,1],[5,1],[6,1],[7,1],[8,1],[9,1],[10,1][11,1][12,1][13,1][14,1]');
INSERT INTO `shuxing` VALUES ('6', '金色、顶级强化+MAX、顶级鉴定：6鉴定属性暴击全附加+3000', '{\\\\\\\\\\\\\\\"1\\\\\\\\\\\\\\\":\\\\\\\\\\\\\\\"5@3000\\\\\\\\\\\\\\\",\\\\\\\\\\\\\\\"2\\\\\\\\\\\\\\\":\\\\\\\\\\\\\\\"5@3000\\\\\\\\\\\\\\\",\\\\\\\\\\\\\\\"3\\\\\\\\\\\\\\\":\\\\\\\\\\\\\\\"5@3000\\\\\\\\\\\\\\\",\\\\\\\\\\\\\\\"4\\\\\\\\\\\\\\\":\\\\\\\\\\\\\\\"5@3000\\\\\\\\\\\\\\\",\\\\\\\\\\\\\\\"5\\\\\\\\\\\\\\\":\\\\\\\\\\\\\\\"5@3000\\\\\\\\\\\\\\\",\\\\\\\\\\\\\\\"6\\\\\\\\\\\\\\\":\\\\\\\\\\\\\\\"5@3000\\\\\\\\\\\\\\\"}\\\\\\\",\\\\\\\"jjfailcount\\\\\\\":0,\\\\\\\"qhcount\\\\\\\":14,\\\\\\\"qhxingxing\\\\\\\":\\\\\\\"[[1,1],[2,1],[3,1],[4,1],[5,1],[6,1],[7,1],[8,1],[9,1],[10,1][11,1][12,1][13,1][14,1]');
INSERT INTO `shuxing` VALUES ('7', '金色、顶级强化+MAX、顶级鉴定：6鉴定属性防御全附加+1000', '{\\\\\\\\\\\\\\\"1\\\\\\\\\\\\\\\":\\\\\\\\\\\\\\\"4@500\\\\\\\\\\\\\\\",\\\\\\\\\\\\\\\"2\\\\\\\\\\\\\\\":\\\\\\\\\\\\\\\"4@500\\\\\\\\\\\\\\\",\\\\\\\\\\\\\\\"3\\\\\\\\\\\\\\\":\\\\\\\\\\\\\\\"4@500\\\\\\\\\\\\\\\",\\\\\\\\\\\\\\\"4\\\\\\\\\\\\\\\":\\\\\\\\\\\\\\\"4@500\\\\\\\\\\\\\\\",\\\\\\\\\\\\\\\"5\\\\\\\\\\\\\\\":\\\\\\\\\\\\\\\"4@500\\\\\\\\\\\\\\\",\\\\\\\\\\\\\\\"6\\\\\\\\\\\\\\\":\\\\\\\\\\\\\\\"4@500\\\\\\\\\\\\\\\"}\\\\\\\",\\\\\\\"jjfailcount\\\\\\\":0,\\\\\\\"qhcount\\\\\\\":14,\\\\\\\"qhxingxing\\\\\\\":\\\\\\\"[[1,1],[2,1],[3,1],[4,1],[5,1],[6,1],[7,1],[8,1],[9,1],[10,1][11,1][12,1][13,1][14,1]');
INSERT INTO `shuxing` VALUES ('8', '金色、顶级强化+MAX、顶级鉴定：6鉴定属性生命全附加+4000', '{\\\\\\\\\\\\\\\"1\\\\\\\\\\\\\\\":\\\\\\\\\\\\\\\"1@500\\\\\\\\\\\\\\\",\\\\\\\\\\\\\\\"2\\\\\\\\\\\\\\\":\\\\\\\\\\\\\\\"1@500\\\\\\\\\\\\\\\",\\\\\\\\\\\\\\\"3\\\\\\\\\\\\\\\":\\\\\\\\\\\\\\\"1@500\\\\\\\\\\\\\\\",\\\\\\\\\\\\\\\"4\\\\\\\\\\\\\\\":\\\\\\\\\\\\\\\"1@500\\\\\\\\\\\\\\\",\\\\\\\\\\\\\\\"5\\\\\\\\\\\\\\\":\\\\\\\\\\\\\\\"1@500\\\\\\\\\\\\\\\",\\\\\\\\\\\\\\\"6\\\\\\\\\\\\\\\":\\\\\\\\\\\\\\\"1@500\\\\\\\\\\\\\\\"}\\\\\\\",\\\\\\\"jjfailcount\\\\\\\":0,\\\\\\\"qhcount\\\\\\\":14,\\\\\\\"qhxingxing\\\\\\\":\\\\\\\"[[1,1],[2,1],[3,1],[4,1],[5,1],[6,1],[7,1],[8,1],[9,1],[10,1][11,1][12,1][13,1][14,1]');
INSERT INTO `shuxing` VALUES ('9', '金色、顶级强化+MAX、顶级鉴定：6鉴定属性闪避全附加+500', '{\\\\\\\\\\\\\\\"1\\\\\\\\\\\\\\\":\\\\\\\\\\\\\\\"6@500\\\\\\\\\\\\\\\",\\\\\\\\\\\\\\\"2\\\\\\\\\\\\\\\":\\\\\\\\\\\\\\\"6@500\\\\\\\\\\\\\\\",\\\\\\\\\\\\\\\"3\\\\\\\\\\\\\\\":\\\\\\\\\\\\\\\"6@500\\\\\\\\\\\\\\\",\\\\\\\\\\\\\\\"4\\\\\\\\\\\\\\\":\\\\\\\\\\\\\\\"6@500\\\\\\\\\\\\\\\",\\\\\\\\\\\\\\\"5\\\\\\\\\\\\\\\":\\\\\\\\\\\\\\\"6@500\\\\\\\\\\\\\\\",\\\\\\\\\\\\\\\"6\\\\\\\\\\\\\\\":\\\\\\\\\\\\\\\"6@500\\\\\\\\\\\\\\\"}\\\\\\\",\\\\\\\"jjfailcount\\\\\\\":0,\\\\\\\"qhcount\\\\\\\":14,\\\\\\\"qhxingxing\\\\\\\":\\\\\\\"[[1,1],[2,1],[3,1],[4,1],[5,1],[6,1],[7,1],[8,1],[9,1],[10,1][11,1][12,1][13,1][14,1]');
INSERT INTO `shuxing` VALUES ('10', '金色、顶级强化+MAX、顶级鉴定：6鉴定属性攻击全附加+2000', '{\\\\\\\\\\\\\\\"1\\\\\\\\\\\\\\\":\\\\\\\\\\\\\\\"3@500\\\\\\\\\\\\\\\",\\\\\\\\\\\\\\\"2\\\\\\\\\\\\\\\":\\\\\\\\\\\\\\\"3@500\\\\\\\\\\\\\\\",\\\\\\\\\\\\\\\"3\\\\\\\\\\\\\\\":\\\\\\\\\\\\\\\"3@500\\\\\\\\\\\\\\\",\\\\\\\\\\\\\\\"4\\\\\\\\\\\\\\\":\\\\\\\\\\\\\\\"3@500\\\\\\\\\\\\\\\",\\\\\\\\\\\\\\\"5\\\\\\\\\\\\\\\":\\\\\\\\\\\\\\\"3@500\\\\\\\\\\\\\\\",\\\\\\\\\\\\\\\"6\\\\\\\\\\\\\\\":\\\\\\\\\\\\\\\"3@500\\\\\\\\\\\\\\\"}\\\\\\\",\\\\\\\"jjfailcount\\\\\\\":0,\\\\\\\"qhcount\\\\\\\":14,\\\\\\\"qhxingxing\\\\\\\":\\\\\\\"[[1,1],[2,1],[3,1],[4,1],[5,1],[6,1],[7,1],[8,1],[9,1],[10,1][11,1][12,1][13,1][14,1]');
INSERT INTO `shuxing` VALUES ('11', '金色、顶级强化+MAX、顶级鉴定：6鉴定属性暴击全附加+500', '{\\\\\\\\\\\\\\\"1\\\\\\\\\\\\\\\":\\\\\\\\\\\\\\\"5@500\\\\\\\\\\\\\\\",\\\\\\\\\\\\\\\"2\\\\\\\\\\\\\\\":\\\\\\\\\\\\\\\"5@500\\\\\\\\\\\\\\\",\\\\\\\\\\\\\\\"3\\\\\\\\\\\\\\\":\\\\\\\\\\\\\\\"5@500\\\\\\\\\\\\\\\",\\\\\\\\\\\\\\\"4\\\\\\\\\\\\\\\":\\\\\\\\\\\\\\\"5@500\\\\\\\\\\\\\\\",\\\\\\\\\\\\\\\"5\\\\\\\\\\\\\\\":\\\\\\\\\\\\\\\"5@500\\\\\\\\\\\\\\\",\\\\\\\\\\\\\\\"6\\\\\\\\\\\\\\\":\\\\\\\\\\\\\\\"5@500\\\\\\\\\\\\\\\"}\\\\\\\",\\\\\\\"jjfailcount\\\\\\\":0,\\\\\\\"qhcount\\\\\\\":14,\\\\\\\"qhxingxing\\\\\\\":\\\\\\\"[[1,1],[2,1],[3,1],[4,1],[5,1],[6,1],[7,1],[8,1],[9,1],[10,1][11,1][12,1][13,1][14,1]');
INSERT INTO `shuxing` VALUES ('21', '金色、顶级强化+MAX、顶级鉴定：6鉴定属性麻痹全附加+40%', '{\\\\\\\\\\\\\\\"1\\\\\\\\\\\\\\\":\\\\\\\\\\\\\\\"8@100\\\\\\\\\\\\\\\",\\\\\\\\\\\\\\\"2\\\\\\\\\\\\\\\":\\\\\\\\\\\\\\\"8@100\\\\\\\\\\\\\\\",\\\\\\\\\\\\\\\"3\\\\\\\\\\\\\\\":\\\\\\\\\\\\\\\"8@100\\\\\\\\\\\\\\\",\\\\\\\\\\\\\\\"4\\\\\\\\\\\\\\\":\\\\\\\\\\\\\\\"8@100\\\\\\\\\\\\\\\",\\\\\\\\\\\\\\\"5\\\\\\\\\\\\\\\":\\\\\\\\\\\\\\\"8@100\\\\\\\\\\\\\\\",\\\\\\\\\\\\\\\"6\\\\\\\\\\\\\\\":\\\\\\\\\\\\\\\"8@100\\\\\\\\\\\\\\\"}\\\\\\\",\\\\\\\"jjfailcount\\\\\\\":0,\\\\\\\"qhcount\\\\\\\":14,\\\\\\\"qhxingxing\\\\\\\":\\\\\\\"[[1,1],[2,1],[3,1],[4,1],[5,1],[6,1],[7,1],[8,1],[9,1],[10,1][11,1][12,1][13,1][14,1]');
INSERT INTO `shuxing` VALUES ('22', '金色、顶级强化+MAX、顶级鉴定：6鉴定属性麻痹全抵抗+40%', '{\\\\\\\\\\\\\\\"1\\\\\\\\\\\\\\\":\\\\\\\\\\\\\\\"9@100\\\\\\\\\\\\\\\",\\\\\\\\\\\\\\\"2\\\\\\\\\\\\\\\":\\\\\\\\\\\\\\\"9@100\\\\\\\\\\\\\\\",\\\\\\\\\\\\\\\"3\\\\\\\\\\\\\\\":\\\\\\\\\\\\\\\"9@100\\\\\\\\\\\\\\\",\\\\\\\\\\\\\\\"4\\\\\\\\\\\\\\\":\\\\\\\\\\\\\\\"9@100\\\\\\\\\\\\\\\",\\\\\\\\\\\\\\\"5\\\\\\\\\\\\\\\":\\\\\\\\\\\\\\\"9@100\\\\\\\\\\\\\\\",\\\\\\\\\\\\\\\"6\\\\\\\\\\\\\\\":\\\\\\\\\\\\\\\"9@100\\\\\\\\\\\\\\\"}\\\\\\\",\\\\\\\"jjfailcount\\\\\\\":0,\\\\\\\"qhcount\\\\\\\":14,\\\\\\\"qhxingxing\\\\\\\":\\\\\\\"[[1,1],[2,1],[3,1],[4,1],[5,1],[6,1],[7,1],[8,1],[9,1],[10,1][11,1][12,1][13,1][14,1]');
INSERT INTO `shuxing` VALUES ('23', '金色、顶级强化+MAX、顶级鉴定：6鉴定属性生命全附加+24000', '{\\\\\\\\\\\\\\\"1\\\\\\\\\\\\\\\":\\\\\\\\\\\\\\\"1@8000\\\\\\\\\\\\\\\",\\\\\\\\\\\\\\\"2\\\\\\\\\\\\\\\":\\\\\\\\\\\\\\\"1@8000\\\\\\\\\\\\\\\",\\\\\\\\\\\\\\\"3\\\\\\\\\\\\\\\":\\\\\\\\\\\\\\\"1@8000\\\\\\\\\\\\\\\",\\\\\\\\\\\\\\\"4\\\\\\\\\\\\\\\":\\\\\\\\\\\\\\\"1@8000\\\\\\\\\\\\\\\",\\\\\\\\\\\\\\\"5\\\\\\\\\\\\\\\":\\\\\\\\\\\\\\\"1@8000\\\\\\\\\\\\\\\",\\\\\\\\\\\\\\\"6\\\\\\\\\\\\\\\":\\\\\\\\\\\\\\\"1@8000\\\\\\\\\\\\\\\"}\\\\\\\",\\\\\\\"jjfailcount\\\\\\\":0,\\\\\\\"qhcount\\\\\\\":14,\\\\\\\"qhxingxing\\\\\\\":\\\\\\\"[[1,1],[2,1],[3,1],[4,1],[5,1],[6,1],[7,1],[8,1],[9,1],[10,1][11,1][12,1][13,1][14,1]');
INSERT INTO `shuxing` VALUES ('24', '金色、顶级强化+MAX、顶级鉴定：6鉴定属性攻击全附加+12000', '{\\\\\\\\\\\\\\\"1\\\\\\\\\\\\\\\":\\\\\\\\\\\\\\\"3@3000\\\\\\\\\\\\\\\",\\\\\\\\\\\\\\\"2\\\\\\\\\\\\\\\":\\\\\\\\\\\\\\\"3@3000\\\\\\\\\\\\\\\",\\\\\\\\\\\\\\\"3\\\\\\\\\\\\\\\":\\\\\\\\\\\\\\\"3@3000\\\\\\\\\\\\\\\",\\\\\\\\\\\\\\\"4\\\\\\\\\\\\\\\":\\\\\\\\\\\\\\\"3@3000\\\\\\\\\\\\\\\",\\\\\\\\\\\\\\\"5\\\\\\\\\\\\\\\":\\\\\\\\\\\\\\\"3@3000\\\\\\\\\\\\\\\",\\\\\\\\\\\\\\\"6\\\\\\\\\\\\\\\":\\\\\\\\\\\\\\\"3@3000\\\\\\\\\\\\\\\"}\\\\\\\",\\\\\\\"jjfailcount\\\\\\\":0,\\\\\\\"qhcount\\\\\\\":14,\\\\\\\"qhxingxing\\\\\\\":\\\\\\\"[[1,1],[2,1],[3,1],[4,1],[5,1],[6,1],[7,1],[8,1],[9,1],[10,1][11,1][12,1][13,1][14,1]');
INSERT INTO `shuxing` VALUES ('25', '金色、顶级强化+MAX、顶级鉴定：6鉴定属性防御全附加+6000', '{\\\\\\\\\\\\\\\"1\\\\\\\\\\\\\\\":\\\\\\\\\\\\\\\"4@3000\\\\\\\\\\\\\\\",\\\\\\\\\\\\\\\"2\\\\\\\\\\\\\\\":\\\\\\\\\\\\\\\"4@3000\\\\\\\\\\\\\\\",\\\\\\\\\\\\\\\"3\\\\\\\\\\\\\\\":\\\\\\\\\\\\\\\"4@3000\\\\\\\\\\\\\\\",\\\\\\\\\\\\\\\"4\\\\\\\\\\\\\\\":\\\\\\\\\\\\\\\"4@3000\\\\\\\\\\\\\\\",\\\\\\\\\\\\\\\"5\\\\\\\\\\\\\\\":\\\\\\\\\\\\\\\"4@3000\\\\\\\\\\\\\\\",\\\\\\\\\\\\\\\"6\\\\\\\\\\\\\\\":\\\\\\\\\\\\\\\"4@3000\\\\\\\\\\\\\\\"}\\\\\\\",\\\\\\\"jjfailcount\\\\\\\":0,\\\\\\\"qhcount\\\\\\\":14,\\\\\\\"qhxingxing\\\\\\\":\\\\\\\"[[1,1],[2,1],[3,1],[4,1],[5,1],[6,1],[7,1],[8,1],[9,1],[10,1][11,1][12,1][13,1][14,1]');
INSERT INTO `shuxing` VALUES ('26', '金色、顶级强化+MAX、顶级鉴定：6鉴定属性暴击全附加+12000', '{\\\\\\\\\\\\\\\"1\\\\\\\\\\\\\\\":\\\\\\\\\\\\\\\"5@12000\\\\\\\\\\\\\\\",\\\\\\\\\\\\\\\"2\\\\\\\\\\\\\\\":\\\\\\\\\\\\\\\"5@12000\\\\\\\\\\\\\\\",\\\\\\\\\\\\\\\"3\\\\\\\\\\\\\\\":\\\\\\\\\\\\\\\"5@12000\\\\\\\\\\\\\\\",\\\\\\\\\\\\\\\"4\\\\\\\\\\\\\\\":\\\\\\\\\\\\\\\"5@12000\\\\\\\\\\\\\\\",\\\\\\\\\\\\\\\"5\\\\\\\\\\\\\\\":\\\\\\\\\\\\\\\"5@12000\\\\\\\\\\\\\\\",\\\\\\\\\\\\\\\"6\\\\\\\\\\\\\\\":\\\\\\\\\\\\\\\"5@12000\\\\\\\\\\\\\\\"}\\\\\\\",\\\\\\\"jjfailcount\\\\\\\":0,\\\\\\\"qhcount\\\\\\\":14,\\\\\\\"qhxingxing\\\\\\\":\\\\\\\"[[1,1],[2,1],[3,1],[4,1],[5,1],[6,1],[7,1],[8,1],[9,1],[10,1][11,1][12,1][13,1][14,1]');
INSERT INTO `shuxing` VALUES ('27', '金色、顶级强化+MAX、顶级鉴定：6鉴定属性防御全附加+4000', '{\\\\\\\\\\\\\\\"1\\\\\\\\\\\\\\\":\\\\\\\\\\\\\\\"4@2000\\\\\\\\\\\\\\\",\\\\\\\\\\\\\\\"2\\\\\\\\\\\\\\\":\\\\\\\\\\\\\\\"4@2000\\\\\\\\\\\\\\\",\\\\\\\\\\\\\\\"3\\\\\\\\\\\\\\\":\\\\\\\\\\\\\\\"4@2000\\\\\\\\\\\\\\\",\\\\\\\\\\\\\\\"4\\\\\\\\\\\\\\\":\\\\\\\\\\\\\\\"4@2000\\\\\\\\\\\\\\\",\\\\\\\\\\\\\\\"5\\\\\\\\\\\\\\\":\\\\\\\\\\\\\\\"4@2000\\\\\\\\\\\\\\\",\\\\\\\\\\\\\\\"6\\\\\\\\\\\\\\\":\\\\\\\\\\\\\\\"4@2000\\\\\\\\\\\\\\\"}\\\\\\\",\\\\\\\"jjfailcount\\\\\\\":0,\\\\\\\"qhcount\\\\\\\":14,\\\\\\\"qhxingxing\\\\\\\":\\\\\\\"[[1,1],[2,1],[3,1],[4,1],[5,1],[6,1],[7,1],[8,1],[9,1],[10,1][11,1][12,1][13,1][14,1]');
INSERT INTO `shuxing` VALUES ('28', '金色、顶级强化+MAX、顶级鉴定：6鉴定属性生命全附加+16000', '{\\\\\\\\\\\\\\\"1\\\\\\\\\\\\\\\":\\\\\\\\\\\\\\\"1@2000\\\\\\\\\\\\\\\",\\\\\\\\\\\\\\\"2\\\\\\\\\\\\\\\":\\\\\\\\\\\\\\\"1@2000\\\\\\\\\\\\\\\",\\\\\\\\\\\\\\\"3\\\\\\\\\\\\\\\":\\\\\\\\\\\\\\\"1@2000\\\\\\\\\\\\\\\",\\\\\\\\\\\\\\\"4\\\\\\\\\\\\\\\":\\\\\\\\\\\\\\\"1@2000\\\\\\\\\\\\\\\",\\\\\\\\\\\\\\\"5\\\\\\\\\\\\\\\":\\\\\\\\\\\\\\\"1@2000\\\\\\\\\\\\\\\",\\\\\\\\\\\\\\\"6\\\\\\\\\\\\\\\":\\\\\\\\\\\\\\\"1@2000\\\\\\\\\\\\\\\"}\\\\\\\",\\\\\\\"jjfailcount\\\\\\\":0,\\\\\\\"qhcount\\\\\\\":14,\\\\\\\"qhxingxing\\\\\\\":\\\\\\\"[[1,1],[2,1],[3,1],[4,1],[5,1],[6,1],[7,1],[8,1],[9,1],[10,1][11,1][12,1][13,1][14,1]');
INSERT INTO `shuxing` VALUES ('29', '金色、顶级强化+MAX、顶级鉴定：6鉴定属性闪避全附加+2000', '{\\\\\\\\\\\\\\\"1\\\\\\\\\\\\\\\":\\\\\\\\\\\\\\\"6@2000\\\\\\\\\\\\\\\",\\\\\\\\\\\\\\\"2\\\\\\\\\\\\\\\":\\\\\\\\\\\\\\\"6@2000\\\\\\\\\\\\\\\",\\\\\\\\\\\\\\\"3\\\\\\\\\\\\\\\":\\\\\\\\\\\\\\\"6@2000\\\\\\\\\\\\\\\",\\\\\\\\\\\\\\\"4\\\\\\\\\\\\\\\":\\\\\\\\\\\\\\\"6@2000\\\\\\\\\\\\\\\",\\\\\\\\\\\\\\\"5\\\\\\\\\\\\\\\":\\\\\\\\\\\\\\\"6@2000\\\\\\\\\\\\\\\",\\\\\\\\\\\\\\\"6\\\\\\\\\\\\\\\":\\\\\\\\\\\\\\\"6@2000\\\\\\\\\\\\\\\"}\\\\\\\",\\\\\\\"jjfailcount\\\\\\\":0,\\\\\\\"qhcount\\\\\\\":14,\\\\\\\"qhxingxing\\\\\\\":\\\\\\\"[[1,1],[2,1],[3,1],[4,1],[5,1],[6,1],[7,1],[8,1],[9,1],[10,1][11,1][12,1][13,1][14,1]');
INSERT INTO `shuxing` VALUES ('30', '金色、顶级强化+MAX、顶级鉴定：6鉴定属性攻击全附加+8000', '{\\\\\\\\\\\\\\\"1\\\\\\\\\\\\\\\":\\\\\\\\\\\\\\\"3@2000\\\\\\\\\\\\\\\",\\\\\\\\\\\\\\\"2\\\\\\\\\\\\\\\":\\\\\\\\\\\\\\\"3@2000\\\\\\\\\\\\\\\",\\\\\\\\\\\\\\\"3\\\\\\\\\\\\\\\":\\\\\\\\\\\\\\\"3@2000\\\\\\\\\\\\\\\",\\\\\\\\\\\\\\\"4\\\\\\\\\\\\\\\":\\\\\\\\\\\\\\\"3@2000\\\\\\\\\\\\\\\",\\\\\\\\\\\\\\\"5\\\\\\\\\\\\\\\":\\\\\\\\\\\\\\\"3@2000\\\\\\\\\\\\\\\",\\\\\\\\\\\\\\\"6\\\\\\\\\\\\\\\":\\\\\\\\\\\\\\\"3@2000\\\\\\\\\\\\\\\"}\\\\\\\",\\\\\\\"jjfailcount\\\\\\\":0,\\\\\\\"qhcount\\\\\\\":14,\\\\\\\"qhxingxing\\\\\\\":\\\\\\\"[[1,1],[2,1],[3,1],[4,1],[5,1],[6,1],[7,1],[8,1],[9,1],[10,1][11,1][12,1][13,1][14,1]');
INSERT INTO `shuxing` VALUES ('31', '金色、顶级强化+MAX、顶级鉴定：6鉴定属性暴击全附加+2000', '{\\\\\\\\\\\\\\\"1\\\\\\\\\\\\\\\":\\\\\\\\\\\\\\\"5@2000\\\\\\\\\\\\\\\",\\\\\\\\\\\\\\\"2\\\\\\\\\\\\\\\":\\\\\\\\\\\\\\\"5@2000\\\\\\\\\\\\\\\",\\\\\\\\\\\\\\\"3\\\\\\\\\\\\\\\":\\\\\\\\\\\\\\\"5@2000\\\\\\\\\\\\\\\",\\\\\\\\\\\\\\\"4\\\\\\\\\\\\\\\":\\\\\\\\\\\\\\\"5@2000\\\\\\\\\\\\\\\",\\\\\\\\\\\\\\\"5\\\\\\\\\\\\\\\":\\\\\\\\\\\\\\\"5@2000\\\\\\\\\\\\\\\",\\\\\\\\\\\\\\\"6\\\\\\\\\\\\\\\":\\\\\\\\\\\\\\\"5@2000\\\\\\\\\\\\\\\"}\\\\\\\",\\\\\\\"jjfailcount\\\\\\\":0,\\\\\\\"qhcount\\\\\\\":14,\\\\\\\"qhxingxing\\\\\\\":\\\\\\\"[[1,1],[2,1],[3,1],[4,1],[5,1],[6,1],[7,1],[8,1],[9,1],[10,1][11,1][12,1][13,1][14,1]');
INSERT INTO `shuxing` VALUES ('41', '金色、顶级强化+MAX、顶级鉴定：6鉴定属性麻痹全附加 +200%', '{\\\\\\\\\\\\\\\"1\\\\\\\\\\\\\\\":\\\\\\\\\\\\\\\"8@500\\\\\\\\\\\\\\\",\\\\\\\\\\\\\\\"2\\\\\\\\\\\\\\\":\\\\\\\\\\\\\\\"8@500\\\\\\\\\\\\\\\",\\\\\\\\\\\\\\\"3\\\\\\\\\\\\\\\":\\\\\\\\\\\\\\\"8@500\\\\\\\\\\\\\\\",\\\\\\\\\\\\\\\"4\\\\\\\\\\\\\\\":\\\\\\\\\\\\\\\"8@500\\\\\\\\\\\\\\\",\\\\\\\\\\\\\\\"5\\\\\\\\\\\\\\\":\\\\\\\\\\\\\\\"8@500\\\\\\\\\\\\\\\",\\\\\\\\\\\\\\\"6\\\\\\\\\\\\\\\":\\\\\\\\\\\\\\\"8@500\\\\\\\\\\\\\\\"}\\\\\\\",\\\\\\\"jjfailcount\\\\\\\":0,\\\\\\\"qhcount\\\\\\\":14,\\\\\\\"qhxingxing\\\\\\\":\\\\\\\"[[1,1],[2,1],[3,1],[4,1],[5,1],[6,1],[7,1],[8,1],[9,1],[10,1][11,1][12,1][13,1][14,1]');
INSERT INTO `shuxing` VALUES ('42', '金色、顶级强化+MAX、顶级鉴定：6鉴定属性麻痹全抵抗+200%', '{\\\\\\\\\\\\\\\"1\\\\\\\\\\\\\\\":\\\\\\\\\\\\\\\"9@500\\\\\\\\\\\\\\\",\\\\\\\\\\\\\\\"2\\\\\\\\\\\\\\\":\\\\\\\\\\\\\\\"9@500\\\\\\\\\\\\\\\",\\\\\\\\\\\\\\\"3\\\\\\\\\\\\\\\":\\\\\\\\\\\\\\\"9@500\\\\\\\\\\\\\\\",\\\\\\\\\\\\\\\"4\\\\\\\\\\\\\\\":\\\\\\\\\\\\\\\"9@500\\\\\\\\\\\\\\\",\\\\\\\\\\\\\\\"5\\\\\\\\\\\\\\\":\\\\\\\\\\\\\\\"9@500\\\\\\\\\\\\\\\",\\\\\\\\\\\\\\\"6\\\\\\\\\\\\\\\":\\\\\\\\\\\\\\\"9@500\\\\\\\\\\\\\\\"}\\\\\\\",\\\\\\\"jjfailcount\\\\\\\":0,\\\\\\\"qhcount\\\\\\\":14,\\\\\\\"qhxingxing\\\\\\\":\\\\\\\"[[1,1],[2,1],[3,1],[4,1],[5,1],[6,1],[7,1],[8,1],[9,1],[10,1][11,1][12,1][13,1][14,1]');
INSERT INTO `shuxing` VALUES ('43', '鉴定属性:生命、攻击5万 暴击、闪避1万 防御3万 攻速500', '{\\\\\\\\\\\\\\\"1\\\\\\\\\\\\\\\":\\\\\\\\\\\\\\\"1@6250\\\\\\\\\\\\\\\",\\\\\\\\\\\\\\\"2\\\\\\\\\\\\\\\":\\\\\\\\\\\\\\\"3@12500\\\\\\\\\\\\\\\",\\\\\\\\\\\\\\\"3\\\\\\\\\\\\\\\":\\\\\\\\\\\\\\\"5@10000\\\\\\\\\\\\\\\",\\\\\\\\\\\\\\\"4\\\\\\\\\\\\\\\":\\\\\\\\\\\\\\\"6@10000\\\\\\\\\\\\\\\",\\\\\\\\\\\\\\\"5\\\\\\\\\\\\\\\":\\\\\\\\\\\\\\\"4@15000\\\\\\\\\\\\\\\",\\\\\\\\\\\\\\\"6\\\\\\\\\\\\\\\":\\\\\\\\\\\\\\\"7@250\\\\\\\\\\\\\\\"}\\\\\\\",\\\\\\\"jjfailcount\\\\\\\":0,\\\\\\\"qhcount\\\\\\\":14,\\\\\\\"qhxingxing\\\\\\\":\\\\\\\"[[1,1],[2,1],[3,1],[4,1],[5,1],[6,1],[7,1],[8,1],[9,1],[10,1][11,1][12,1][13,1][14,1]');
INSERT INTO `shuxing` VALUES ('46', '金色、顶级强化+MAX、顶级鉴定：6鉴定属性暴击全附加+36000', '{\\\\\\\\\\\\\\\"1\\\\\\\\\\\\\\\":\\\\\\\\\\\\\\\"5@36000\\\\\\\\\\\\\\\",\\\\\\\\\\\\\\\"2\\\\\\\\\\\\\\\":\\\\\\\\\\\\\\\"5@36000\\\\\\\\\\\\\\\",\\\\\\\\\\\\\\\"3\\\\\\\\\\\\\\\":\\\\\\\\\\\\\\\"5@36000\\\\\\\\\\\\\\\",\\\\\\\\\\\\\\\"4\\\\\\\\\\\\\\\":\\\\\\\\\\\\\\\"5@36000\\\\\\\\\\\\\\\",\\\\\\\\\\\\\\\"5\\\\\\\\\\\\\\\":\\\\\\\\\\\\\\\"5@36000\\\\\\\\\\\\\\\",\\\\\\\\\\\\\\\"6\\\\\\\\\\\\\\\":\\\\\\\\\\\\\\\"5@36000\\\\\\\\\\\\\\\"}\\\\\\\",\\\\\\\"jjfailcount\\\\\\\":0,\\\\\\\"qhcount\\\\\\\":14,\\\\\\\"qhxingxing\\\\\\\":\\\\\\\"[[1,1],[2,1],[3,1],[4,1],[5,1],[6,1],[7,1],[8,1],[9,1],[10,1][11,1][12,1][13,1][14,1]');
INSERT INTO `shuxing` VALUES ('47', '金色、顶级强化+MAX、顶级鉴定：6鉴定属性防御全附加+12000', '{\\\\\\\\\\\\\\\"1\\\\\\\\\\\\\\\":\\\\\\\\\\\\\\\"4@6000\\\\\\\\\\\\\\\",\\\\\\\\\\\\\\\"2\\\\\\\\\\\\\\\":\\\\\\\\\\\\\\\"4@6000\\\\\\\\\\\\\\\",\\\\\\\\\\\\\\\"3\\\\\\\\\\\\\\\":\\\\\\\\\\\\\\\"4@6000\\\\\\\\\\\\\\\",\\\\\\\\\\\\\\\"4\\\\\\\\\\\\\\\":\\\\\\\\\\\\\\\"4@6000\\\\\\\\\\\\\\\",\\\\\\\\\\\\\\\"5\\\\\\\\\\\\\\\":\\\\\\\\\\\\\\\"4@6000\\\\\\\\\\\\\\\",\\\\\\\\\\\\\\\"6\\\\\\\\\\\\\\\":\\\\\\\\\\\\\\\"4@6000\\\\\\\\\\\\\\\"}\\\\\\\",\\\\\\\"jjfailcount\\\\\\\":0,\\\\\\\"qhcount\\\\\\\":14,\\\\\\\"qhxingxing\\\\\\\":\\\\\\\"[[1,1],[2,1],[3,1],[4,1],[5,1],[6,1],[7,1],[8,1],[9,1],[10,1][11,1][12,1][13,1][14,1]');
INSERT INTO `shuxing` VALUES ('48', '金色、顶级强化+MAX、顶级鉴定：6鉴定属性生命全附加+48000', '{\\\\\\\\\\\\\\\"1\\\\\\\\\\\\\\\":\\\\\\\\\\\\\\\"1@6000\\\\\\\\\\\\\\\",\\\\\\\\\\\\\\\"2\\\\\\\\\\\\\\\":\\\\\\\\\\\\\\\"1@6000\\\\\\\\\\\\\\\",\\\\\\\\\\\\\\\"3\\\\\\\\\\\\\\\":\\\\\\\\\\\\\\\"1@6000\\\\\\\\\\\\\\\",\\\\\\\\\\\\\\\"4\\\\\\\\\\\\\\\":\\\\\\\\\\\\\\\"1@6000\\\\\\\\\\\\\\\",\\\\\\\\\\\\\\\"5\\\\\\\\\\\\\\\":\\\\\\\\\\\\\\\"1@6000\\\\\\\\\\\\\\\",\\\\\\\\\\\\\\\"6\\\\\\\\\\\\\\\":\\\\\\\\\\\\\\\"1@6000\\\\\\\\\\\\\\\"}\\\\\\\",\\\\\\\"jjfailcount\\\\\\\":0,\\\\\\\"qhcount\\\\\\\":14,\\\\\\\"qhxingxing\\\\\\\":\\\\\\\"[[1,1],[2,1],[3,1],[4,1],[5,1],[6,1],[7,1],[8,1],[9,1],[10,1][11,1][12,1][13,1][14,1]');
INSERT INTO `shuxing` VALUES ('49', '金色、顶级强化+MAX、顶级鉴定：6鉴定属性闪避全附加+6000', '{\\\\\\\\\\\\\\\"1\\\\\\\\\\\\\\\":\\\\\\\\\\\\\\\"6@6000\\\\\\\\\\\\\\\",\\\\\\\\\\\\\\\"2\\\\\\\\\\\\\\\":\\\\\\\\\\\\\\\"6@6000\\\\\\\\\\\\\\\",\\\\\\\\\\\\\\\"3\\\\\\\\\\\\\\\":\\\\\\\\\\\\\\\"6@6000\\\\\\\\\\\\\\\",\\\\\\\\\\\\\\\"4\\\\\\\\\\\\\\\":\\\\\\\\\\\\\\\"6@6000\\\\\\\\\\\\\\\",\\\\\\\\\\\\\\\"5\\\\\\\\\\\\\\\":\\\\\\\\\\\\\\\"6@6000\\\\\\\\\\\\\\\",\\\\\\\\\\\\\\\"6\\\\\\\\\\\\\\\":\\\\\\\\\\\\\\\"6@6000\\\\\\\\\\\\\\\"}\\\\\\\",\\\\\\\"jjfailcount\\\\\\\":0,\\\\\\\"qhcount\\\\\\\":14,\\\\\\\"qhxingxing\\\\\\\":\\\\\\\"[[1,1],[2,1],[3,1],[4,1],[5,1],[6,1],[7,1],[8,1],[9,1],[10,1][11,1][12,1][13,1][14,1]');
INSERT INTO `shuxing` VALUES ('50', '金色、顶级强化+MAX、顶级鉴定：6鉴定属性攻击全附加+24000', '{\\\\\\\\\\\\\\\"1\\\\\\\\\\\\\\\":\\\\\\\\\\\\\\\"3@6000\\\\\\\\\\\\\\\",\\\\\\\\\\\\\\\"2\\\\\\\\\\\\\\\":\\\\\\\\\\\\\\\"3@6000\\\\\\\\\\\\\\\",\\\\\\\\\\\\\\\"3\\\\\\\\\\\\\\\":\\\\\\\\\\\\\\\"3@6000\\\\\\\\\\\\\\\",\\\\\\\\\\\\\\\"4\\\\\\\\\\\\\\\":\\\\\\\\\\\\\\\"3@6000\\\\\\\\\\\\\\\",\\\\\\\\\\\\\\\"5\\\\\\\\\\\\\\\":\\\\\\\\\\\\\\\"3@6000\\\\\\\\\\\\\\\",\\\\\\\\\\\\\\\"6\\\\\\\\\\\\\\\":\\\\\\\\\\\\\\\"3@6000\\\\\\\\\\\\\\\"}\\\\\\\",\\\\\\\"jjfailcount\\\\\\\":0,\\\\\\\"qhcount\\\\\\\":14,\\\\\\\"qhxingxing\\\\\\\":\\\\\\\"[[1,1],[2,1],[3,1],[4,1],[5,1],[6,1],[7,1],[8,1],[9,1],[10,1][11,1][12,1][13,1][14,1]');
INSERT INTO `shuxing` VALUES ('51', '金色、顶级强化+MAX、顶级鉴定：6鉴定属性暴击全附加+6000', '{\\\\\\\\\\\\\\\"1\\\\\\\\\\\\\\\":\\\\\\\\\\\\\\\"5@6000\\\\\\\\\\\\\\\",\\\\\\\\\\\\\\\"2\\\\\\\\\\\\\\\":\\\\\\\\\\\\\\\"5@6000\\\\\\\\\\\\\\\",\\\\\\\\\\\\\\\"3\\\\\\\\\\\\\\\":\\\\\\\\\\\\\\\"5@6000\\\\\\\\\\\\\\\",\\\\\\\\\\\\\\\"4\\\\\\\\\\\\\\\":\\\\\\\\\\\\\\\"5@6000\\\\\\\\\\\\\\\",\\\\\\\\\\\\\\\"5\\\\\\\\\\\\\\\":\\\\\\\\\\\\\\\"5@6000\\\\\\\\\\\\\\\",\\\\\\\\\\\\\\\"6\\\\\\\\\\\\\\\":\\\\\\\\\\\\\\\"5@6000\\\\\\\\\\\\\\\"}\\\\\\\",\\\\\\\"jjfailcount\\\\\\\":0,\\\\\\\"qhcount\\\\\\\":14,\\\\\\\"qhxingxing\\\\\\\":\\\\\\\"[[1,1],[2,1],[3,1],[4,1],[5,1],[6,1],[7,1],[8,1],[9,1],[10,1][11,1][12,1][13,1][14,1]');
INSERT INTO `shuxing` VALUES ('61', '金色、顶级强化+MAX、顶级鉴定：6鉴定属性麻痹全附加 +400%', '{\\\\\\\\\\\\\\\"1\\\\\\\\\\\\\\\":\\\\\\\\\\\\\\\"8@1000\\\\\\\\\\\\\\\",\\\\\\\\\\\\\\\"2\\\\\\\\\\\\\\\":\\\\\\\\\\\\\\\"8@1000\\\\\\\\\\\\\\\",\\\\\\\\\\\\\\\"3\\\\\\\\\\\\\\\":\\\\\\\\\\\\\\\"8@1000\\\\\\\\\\\\\\\",\\\\\\\\\\\\\\\"4\\\\\\\\\\\\\\\":\\\\\\\\\\\\\\\"8@1000\\\\\\\\\\\\\\\",\\\\\\\\\\\\\\\"5\\\\\\\\\\\\\\\":\\\\\\\\\\\\\\\"8@1000\\\\\\\\\\\\\\\",\\\\\\\\\\\\\\\"6\\\\\\\\\\\\\\\":\\\\\\\\\\\\\\\"8@1000\\\\\\\\\\\\\\\"}\\\\\\\",\\\\\\\"jjfailcount\\\\\\\":0,\\\\\\\"qhcount\\\\\\\":14,\\\\\\\"qhxingxing\\\\\\\":\\\\\\\"[[1,1],[2,1],[3,1],[4,1],[5,1],[6,1],[7,1],[8,1],[9,1],[10,1][11,1][12,1][13,1][14,1]');
INSERT INTO `shuxing` VALUES ('62', '金色、顶级强化+MAX、顶级鉴定：6鉴定属性麻痹全抵抗+400%', '{\\\\\\\\\\\\\\\"1\\\\\\\\\\\\\\\":\\\\\\\\\\\\\\\"9@1000\\\\\\\\\\\\\\\",\\\\\\\\\\\\\\\"2\\\\\\\\\\\\\\\":\\\\\\\\\\\\\\\"9@1000\\\\\\\\\\\\\\\",\\\\\\\\\\\\\\\"3\\\\\\\\\\\\\\\":\\\\\\\\\\\\\\\"9@1000\\\\\\\\\\\\\\\",\\\\\\\\\\\\\\\"4\\\\\\\\\\\\\\\":\\\\\\\\\\\\\\\"9@1000\\\\\\\\\\\\\\\",\\\\\\\\\\\\\\\"5\\\\\\\\\\\\\\\":\\\\\\\\\\\\\\\"9@1000\\\\\\\\\\\\\\\",\\\\\\\\\\\\\\\"6\\\\\\\\\\\\\\\":\\\\\\\\\\\\\\\"9@1000\\\\\\\\\\\\\\\"}\\\\\\\",\\\\\\\"jjfailcount\\\\\\\":0,\\\\\\\"qhcount\\\\\\\":14,\\\\\\\"qhxingxing\\\\\\\":\\\\\\\"[[1,1],[2,1],[3,1],[4,1],[5,1],[6,1],[7,1],[8,1],[9,1],[10,1][11,1][12,1][13,1][14,1]');
INSERT INTO `shuxing` VALUES ('63', '鉴定属性:生命、攻击10万 暴击、闪避2万 防御6万 攻速1000', '{\\\\\\\\\\\\\\\"1\\\\\\\\\\\\\\\":\\\\\\\\\\\\\\\"1@12500\\\\\\\\\\\\\\\",\\\\\\\\\\\\\\\"2\\\\\\\\\\\\\\\":\\\\\\\\\\\\\\\"3@25000\\\\\\\\\\\\\\\",\\\\\\\\\\\\\\\"3\\\\\\\\\\\\\\\":\\\\\\\\\\\\\\\"5@20000\\\\\\\\\\\\\\\",\\\\\\\\\\\\\\\"4\\\\\\\\\\\\\\\":\\\\\\\\\\\\\\\"6@20000\\\\\\\\\\\\\\\",\\\\\\\\\\\\\\\"5\\\\\\\\\\\\\\\":\\\\\\\\\\\\\\\"4@30000\\\\\\\\\\\\\\\",\\\\\\\\\\\\\\\"6\\\\\\\\\\\\\\\":\\\\\\\\\\\\\\\"7@500\\\\\\\\\\\\\\\"}\\\\\\\",\\\\\\\"jjfailcount\\\\\\\":0,\\\\\\\"qhcount\\\\\\\":14,\\\\\\\"qhxingxing\\\\\\\":\\\\\\\"[[1,1],[2,1],[3,1],[4,1],[5,1],[6,1],[7,1],[8,1],[9,1],[10,1][11,1][12,1][13,1][14,1]');
INSERT INTO `shuxing` VALUES ('66', '金色、顶级强化+MAX、顶级鉴定：6鉴定属性暴击全附加+72000', '{\\\\\\\\\\\\\\\"1\\\\\\\\\\\\\\\":\\\\\\\\\\\\\\\"5@72000\\\\\\\\\\\\\\\",\\\\\\\\\\\\\\\"2\\\\\\\\\\\\\\\":\\\\\\\\\\\\\\\"5@72000\\\\\\\\\\\\\\\",\\\\\\\\\\\\\\\"3\\\\\\\\\\\\\\\":\\\\\\\\\\\\\\\"5@72000\\\\\\\\\\\\\\\",\\\\\\\\\\\\\\\"4\\\\\\\\\\\\\\\":\\\\\\\\\\\\\\\"5@72000\\\\\\\\\\\\\\\",\\\\\\\\\\\\\\\"5\\\\\\\\\\\\\\\":\\\\\\\\\\\\\\\"5@72000\\\\\\\\\\\\\\\",\\\\\\\\\\\\\\\"6\\\\\\\\\\\\\\\":\\\\\\\\\\\\\\\"5@72000\\\\\\\\\\\\\\\"}\\\\\\\",\\\\\\\"jjfailcount\\\\\\\":0,\\\\\\\"qhcount\\\\\\\":14,\\\\\\\"qhxingxing\\\\\\\":\\\\\\\"[[1,1],[2,1],[3,1],[4,1],[5,1],[6,1],[7,1],[8,1],[9,1],[10,1][11,1][12,1][13,1][14,1]');
INSERT INTO `shuxing` VALUES ('67', '金色、顶级强化+MAX、顶级鉴定：6鉴定属性防御全附加+24000', '{\\\\\\\\\\\\\\\"1\\\\\\\\\\\\\\\":\\\\\\\\\\\\\\\"4@12000\\\\\\\\\\\\\\\",\\\\\\\\\\\\\\\"2\\\\\\\\\\\\\\\":\\\\\\\\\\\\\\\"4@12000\\\\\\\\\\\\\\\",\\\\\\\\\\\\\\\"3\\\\\\\\\\\\\\\":\\\\\\\\\\\\\\\"4@12000\\\\\\\\\\\\\\\",\\\\\\\\\\\\\\\"4\\\\\\\\\\\\\\\":\\\\\\\\\\\\\\\"4@12000\\\\\\\\\\\\\\\",\\\\\\\\\\\\\\\"5\\\\\\\\\\\\\\\":\\\\\\\\\\\\\\\"4@12000\\\\\\\\\\\\\\\",\\\\\\\\\\\\\\\"6\\\\\\\\\\\\\\\":\\\\\\\\\\\\\\\"4@12000\\\\\\\\\\\\\\\"}\\\\\\\",\\\\\\\"jjfailcount\\\\\\\":0,\\\\\\\"qhcount\\\\\\\":14,\\\\\\\"qhxingxing\\\\\\\":\\\\\\\"[[1,1],[2,1],[3,1],[4,1],[5,1],[6,1],[7,1],[8,1],[9,1],[10,1][11,1][12,1][13,1][14,1]');
INSERT INTO `shuxing` VALUES ('68', '金色、顶级强化+MAX、顶级鉴定：6鉴定属性生命全附加+96000', '{\\\\\\\\\\\\\\\"1\\\\\\\\\\\\\\\":\\\\\\\\\\\\\\\"1@12000\\\\\\\\\\\\\\\",\\\\\\\\\\\\\\\"2\\\\\\\\\\\\\\\":\\\\\\\\\\\\\\\"1@12000\\\\\\\\\\\\\\\",\\\\\\\\\\\\\\\"3\\\\\\\\\\\\\\\":\\\\\\\\\\\\\\\"1@12000\\\\\\\\\\\\\\\",\\\\\\\\\\\\\\\"4\\\\\\\\\\\\\\\":\\\\\\\\\\\\\\\"1@12000\\\\\\\\\\\\\\\",\\\\\\\\\\\\\\\"5\\\\\\\\\\\\\\\":\\\\\\\\\\\\\\\"1@12000\\\\\\\\\\\\\\\",\\\\\\\\\\\\\\\"6\\\\\\\\\\\\\\\":\\\\\\\\\\\\\\\"1@12000\\\\\\\\\\\\\\\"}\\\\\\\",\\\\\\\"jjfailcount\\\\\\\":0,\\\\\\\"qhcount\\\\\\\":14,\\\\\\\"qhxingxing\\\\\\\":\\\\\\\"[[1,1],[2,1],[3,1],[4,1],[5,1],[6,1],[7,1],[8,1],[9,1],[10,1][11,1][12,1][13,1][14,1]');
INSERT INTO `shuxing` VALUES ('69', '金色、顶级强化+MAX、顶级鉴定：6鉴定属性闪避全附加+12000', '{\\\\\\\\\\\\\\\"1\\\\\\\\\\\\\\\":\\\\\\\\\\\\\\\"6@12000\\\\\\\\\\\\\\\",\\\\\\\\\\\\\\\"2\\\\\\\\\\\\\\\":\\\\\\\\\\\\\\\"6@12000\\\\\\\\\\\\\\\",\\\\\\\\\\\\\\\"3\\\\\\\\\\\\\\\":\\\\\\\\\\\\\\\"6@12000\\\\\\\\\\\\\\\",\\\\\\\\\\\\\\\"4\\\\\\\\\\\\\\\":\\\\\\\\\\\\\\\"6@12000\\\\\\\\\\\\\\\",\\\\\\\\\\\\\\\"5\\\\\\\\\\\\\\\":\\\\\\\\\\\\\\\"6@12000\\\\\\\\\\\\\\\",\\\\\\\\\\\\\\\"6\\\\\\\\\\\\\\\":\\\\\\\\\\\\\\\"6@12000\\\\\\\\\\\\\\\"}\\\\\\\",\\\\\\\"jjfailcount\\\\\\\":0,\\\\\\\"qhcount\\\\\\\":14,\\\\\\\"qhxingxing\\\\\\\":\\\\\\\"[[1,1],[2,1],[3,1],[4,1],[5,1],[6,1],[7,1],[8,1],[9,1],[10,1][11,1][12,1][13,1][14,1]');
INSERT INTO `shuxing` VALUES ('70', '金色、顶级强化+MAX、顶级鉴定：6鉴定属性攻击全附加+48000', '{\\\\\\\\\\\\\\\"1\\\\\\\\\\\\\\\":\\\\\\\\\\\\\\\"3@12000\\\\\\\\\\\\\\\",\\\\\\\\\\\\\\\"2\\\\\\\\\\\\\\\":\\\\\\\\\\\\\\\"3@12000\\\\\\\\\\\\\\\",\\\\\\\\\\\\\\\"3\\\\\\\\\\\\\\\":\\\\\\\\\\\\\\\"3@12000\\\\\\\\\\\\\\\",\\\\\\\\\\\\\\\"4\\\\\\\\\\\\\\\":\\\\\\\\\\\\\\\"3@12000\\\\\\\\\\\\\\\",\\\\\\\\\\\\\\\"5\\\\\\\\\\\\\\\":\\\\\\\\\\\\\\\"3@12000\\\\\\\\\\\\\\\",\\\\\\\\\\\\\\\"6\\\\\\\\\\\\\\\":\\\\\\\\\\\\\\\"3@12000\\\\\\\\\\\\\\\"}\\\\\\\",\\\\\\\"jjfailcount\\\\\\\":0,\\\\\\\"qhcount\\\\\\\":14,\\\\\\\"qhxingxing\\\\\\\":\\\\\\\"[[1,1],[2,1],[3,1],[4,1],[5,1],[6,1],[7,1],[8,1],[9,1],[10,1][11,1][12,1][13,1][14,1]');
INSERT INTO `shuxing` VALUES ('71', '金色、顶级强化+MAX、顶级鉴定：6鉴定属性暴击全附加+12000', '{\\\\\\\\\\\\\\\"1\\\\\\\\\\\\\\\":\\\\\\\\\\\\\\\"5@12000\\\\\\\\\\\\\\\",\\\\\\\\\\\\\\\"2\\\\\\\\\\\\\\\":\\\\\\\\\\\\\\\"5@12000\\\\\\\\\\\\\\\",\\\\\\\\\\\\\\\"3\\\\\\\\\\\\\\\":\\\\\\\\\\\\\\\"5@12000\\\\\\\\\\\\\\\",\\\\\\\\\\\\\\\"4\\\\\\\\\\\\\\\":\\\\\\\\\\\\\\\"5@12000\\\\\\\\\\\\\\\",\\\\\\\\\\\\\\\"5\\\\\\\\\\\\\\\":\\\\\\\\\\\\\\\"5@12000\\\\\\\\\\\\\\\",\\\\\\\\\\\\\\\"6\\\\\\\\\\\\\\\":\\\\\\\\\\\\\\\"5@12000\\\\\\\\\\\\\\\"}\\\\\\\",\\\\\\\"jjfailcount\\\\\\\":0,\\\\\\\"qhcount\\\\\\\":14,\\\\\\\"qhxingxing\\\\\\\":\\\\\\\"[[1,1],[2,1],[3,1],[4,1],[5,1],[6,1],[7,1],[8,1],[9,1],[10,1][11,1][12,1][13,1][14,1]');
INSERT INTO `shuxing` VALUES ('52', '金色、顶级强化+MAX顶级鉴定,鉴定属性:攻击3个32000 暴击3个8000', '{\\\\\\\\\\\\\\\"1\\\\\\\\\\\\\\\":\\\\\\\\\\\\\\\"3@8000\\\\\\\\\\\\\\\",\\\\\\\\\\\\\\\"2\\\\\\\\\\\\\\\":\\\\\\\\\\\\\\\"3@8000\\\\\\\\\\\\\\\",\\\\\\\\\\\\\\\"3\\\\\\\\\\\\\\\":\\\\\\\\\\\\\\\"3@8000\\\\\\\\\\\\\\\",\\\\\\\\\\\\\\\"4\\\\\\\\\\\\\\\":\\\\\\\\\\\\\\\"5@8000\\\\\\\\\\\\\\\",\\\\\\\\\\\\\\\"5\\\\\\\\\\\\\\\":\\\\\\\\\\\\\\\"5@8000\\\\\\\\\\\\\\\",\\\\\\\\\\\\\\\"6\\\\\\\\\\\\\\\":\\\\\\\\\\\\\\\"5@8000\\\\\\\\\\\\\\\"}\\\\\\\",\\\\\\\"jjfailcount\\\\\\\":0,\\\\\\\"qhcount\\\\\\\":14,\\\\\\\"qhxingxing\\\\\\\":\\\\\\\"[[1,1],[2,1],[3,1],[4,1],[5,1],[6,1],[7,1],[8,1],[9,1],[10,1][11,1][12,1][13,1][14,1]');
INSERT INTO `shuxing` VALUES ('53', '金色、顶级强化+MAX顶级鉴定,鉴定属性:防御3个16000，闪避3个8000', '{\\\\\\\\\\\\\\\"1\\\\\\\\\\\\\\\":\\\\\\\\\\\\\\\"4@8000\\\\\\\\\\\\\\\",\\\\\\\\\\\\\\\"2\\\\\\\\\\\\\\\":\\\\\\\\\\\\\\\"4@8000\\\\\\\\\\\\\\\",\\\\\\\\\\\\\\\"3\\\\\\\\\\\\\\\":\\\\\\\\\\\\\\\"4@8000\\\\\\\\\\\\\\\",\\\\\\\\\\\\\\\"4\\\\\\\\\\\\\\\":\\\\\\\\\\\\\\\"6@8000\\\\\\\\\\\\\\\",\\\\\\\\\\\\\\\"5\\\\\\\\\\\\\\\":\\\\\\\\\\\\\\\"6@8000\\\\\\\\\\\\\\\",\\\\\\\\\\\\\\\"6\\\\\\\\\\\\\\\":\\\\\\\\\\\\\\\"6@8000\\\\\\\\\\\\\\\"}\\\\\\\",\\\\\\\"jjfailcount\\\\\\\":0,\\\\\\\"qhcount\\\\\\\":14,\\\\\\\"qhxingxing\\\\\\\":\\\\\\\"[[1,1],[2,1],[3,1],[4,1],[5,1],[6,1],[7,1],[8,1],[9,1],[10,1][11,1][12,1][13,1][14,1]');
INSERT INTO `shuxing` VALUES ('54', '金色、顶级强化+MAX顶级鉴定,鉴定属性:攻击3个32000，生命3个64000', '{\\\\\\\\\\\\\\\"1\\\\\\\\\\\\\\\":\\\\\\\\\\\\\\\"3@8000\\\\\\\\\\\\\\\",\\\\\\\\\\\\\\\"2\\\\\\\\\\\\\\\":\\\\\\\\\\\\\\\"3@8000\\\\\\\\\\\\\\\",\\\\\\\\\\\\\\\"3\\\\\\\\\\\\\\\":\\\\\\\\\\\\\\\"3@8000\\\\\\\\\\\\\\\",\\\\\\\\\\\\\\\"4\\\\\\\\\\\\\\\":\\\\\\\\\\\\\\\"1@8000\\\\\\\\\\\\\\\",\\\\\\\\\\\\\\\"5\\\\\\\\\\\\\\\":\\\\\\\\\\\\\\\"1@8000\\\\\\\\\\\\\\\",\\\\\\\\\\\\\\\"6\\\\\\\\\\\\\\\":\\\\\\\\\\\\\\\"1@8000\\\\\\\\\\\\\\\"}\\\\\\\",\\\\\\\"jjfailcount\\\\\\\":0,\\\\\\\"qhcount\\\\\\\":14,\\\\\\\"qhxingxing\\\\\\\":\\\\\\\"[[1,1],[2,1],[3,1],[4,1],[5,1],[6,1],[7,1],[8,1],[9,1],[10,1][11,1][12,1][13,1][14,1]');
INSERT INTO `shuxing` VALUES ('55', '金色、顶级强化+MAX顶级鉴定,鉴定属性:防御3个16000，生命3个64000', '{\\\\\\\\\\\\\\\"1\\\\\\\\\\\\\\\":\\\\\\\\\\\\\\\"4@8000\\\\\\\\\\\\\\\",\\\\\\\\\\\\\\\"2\\\\\\\\\\\\\\\":\\\\\\\\\\\\\\\"4@8000\\\\\\\\\\\\\\\",\\\\\\\\\\\\\\\"3\\\\\\\\\\\\\\\":\\\\\\\\\\\\\\\"4@8000\\\\\\\\\\\\\\\",\\\\\\\\\\\\\\\"4\\\\\\\\\\\\\\\":\\\\\\\\\\\\\\\"1@8000\\\\\\\\\\\\\\\",\\\\\\\\\\\\\\\"5\\\\\\\\\\\\\\\":\\\\\\\\\\\\\\\"1@8000\\\\\\\\\\\\\\\",\\\\\\\\\\\\\\\"6\\\\\\\\\\\\\\\":\\\\\\\\\\\\\\\"1@8000\\\\\\\\\\\\\\\"}\\\\\\\",\\\\\\\"jjfailcount\\\\\\\":0,\\\\\\\"qhcount\\\\\\\":14,\\\\\\\"qhxingxing\\\\\\\":\\\\\\\"[[1,1],[2,1],[3,1],[4,1],[5,1],[6,1],[7,1],[8,1],[9,1],[10,1][11,1][12,1][13,1][14,1]');
INSERT INTO `shuxing` VALUES ('741', '详情见游戏内', '0');
INSERT INTO `shuxing` VALUES ('751', '详情见游戏内', '0');
INSERT INTO `shuxing` VALUES ('781', '详情见游戏内', '0');
INSERT INTO `shuxing` VALUES ('791', '生命+100000;攻击+50000;防御+25000;暴击+10000;闪避+10000', '0');
INSERT INTO `shuxing` VALUES ('793', '生命+200000;攻击+100000;防御+50000;暴击+20000;闪避+20000', '0');
INSERT INTO `shuxing` VALUES ('999', '详情见游戏内', '0');
INSERT INTO `shuxing` VALUES ('795', '生命+150000;攻击+75000;防御+32500;暴击+15000;闪避+15000', '0');
INSERT INTO `shuxing` VALUES ('796', '生命+400000;攻击+200000;防御+100000;暴击+40000;闪避+40000', '0');
